a) = -5*a + 0 + 8*a**2 - 32*a**3 + 31*a**3 + 5. Determine z(v).
19
Let j(u) = -u + 5*u - 4*u + u - 9. Let h be (-4 + 10)/((-12)/(-14)). Give j(h).
-2
Let p be 80/(-280) + (-2 - 36/21). Let a(x) = x**3 + 6*x**2 - 3*x + 5. Give a(p).
49
Let z(b) be the second derivative of b**4/12 - 3*b**2/2 + 2*b. Let d be 12/9 - 0 - (-66)/99. Suppose 6*f + d = 20. Calculate z(f).
6
Suppose 282 = 2*s - 5*x, 2*x + 200 = 2*s - 70. Let q = 134 - s. Let r(w) = 4*w**2 + 0*w**2 + w - w**3 + 6*w**2 - q - 15*w**2. Determine r(-5).
-8
Let m(s) = s - 19. Let d be (-12 + 192/20)/((-10)/25). What is m(d)?
-13
Let p(u) = -u**3 - 3*u**2 + 4*u + 8. Let i = 279 + -281. Let y be p(i). Let w(z) = 3*z + 7. Determine w(y).
-5
Let q(n) = -n - 15. Let b be q(-24). Let v(c) = -10*c + 94. Let h be v(b). Let k(f) = -f**3 + 4*f**2 + f + 1. Determine k(h).
5
Let x = -184623 + 184629. Let a(u) be the third derivative of u**5/60 - 3*u**4/8 + 5*u**3/2 + u**2. Determine a(x).
-3
Let b(p) = -2*p + 5. Let i be b(5). Let k(d) be the third derivative of -d**6/120 - d**5/15 + 5*d**4/24 + d**3/2 + 4700*d**2 - d. Give k(i).
3
Let z(b) = 4*b + 31. Let d = -4753 - -4747. Calculate z(d).
7
Let g(m) = -m**3 + 8*m**2 - 12*m + 1. Let w(y) = -y**3 - 11*y**2 + 29*y + 44. Let u be w(-13). Give g(u).
16
Let o = 38877 - 38871. Let r(m) = -2*m**2 - 10*m + 91. Calculate r(o).
-41
Let x = -290 + 158. Let k be 2/(-7) + x/77. Let o(l) = l**3 + l - 1. Let f(h) = h**3 - 5*h**2 + h - 2. Let t(j) = f(j) - 2*o(j). Give t(k).
-10
Let l be (((-70)/4)/1)/(-25*(-22)/(-440)). Let h(w) = w**3 - 13*w**2 - 17*w - 2. Give h(l).
-44
Let z(q) = 2*q**2 - 28*q - 245. Let s be z(-6). Let g(r) = -6*r + 1. What is g(s)?
31
Let m(h) = -h**2 - h. Let x(o) = -2*o**3 - 2 + 1 - 2*o - 2*o**2 - 2. Let y(n) = -m(n) - x(n). Determine y(-2).
-7
Let z(x) = 2*x**3 - 147336*x**2 - 5 - 2*x + 6 + 147337*x**2. Let u(w) = -w**2 + 2*w + 4. Let o be u(3). Determine z(o).
2
Let y(u) = -3*u**2 + 25*u + 12. Suppose 9354 = 13*n + 9237. What is y(n)?
-6
Suppose -3*l = -4 + 7. Let j(x) be the second derivative of -13*x**8/6720 + x**7/2520 - x**4/4 + 18*x. Let y(q) be the third derivative of j(q). Calculate y(l).
14
Let u(n) = -n**2 - 12*n + 1271241 - 1271241. Suppose -3*l - 19 = 20. Determine u(l).
-13
Let w(u) be the third derivative of -u**5/60 - u**4/12 + 8*u**3/3 + 2*u**2 - 1195*u. Give w(-5).
1
Let o(x) = x**3 + 8*x**2 + 4*x + 34. Suppose 28*k = 24*k - 4, 0 = f - 3*k + 5. Give o(f).
2
Let x(s) = 2*s - 6. Let t(u) = -7 - 4*u + 11*u + 0. Let n be t(5). Suppose -n - 14 = -7*r. Determine x(r).
6
Let r(p) = -50 - 7 - 21 + 10*p - 3 - 5. What is r(9)?
4
Let y be 18/45 + 36/(-15). Let m(b) = 26*b**2 - 3*b + 2. Let h(w) = 40*w**2 - 3*w + 3. Let c(r) = 2*h(r) - 3*m(r). Give c(y).
2
Let t(g) = -13375*g - 3*g**2 - 13370*g + 3 - 13393*g + 40135*g + g**3. Let m be (3 + 0)*(-1)/(-1). Calculate t(m).
-6
Let x = 10004 - 9987. Let d(v) = v - 25. Determine d(x).
-8
Let t(c) = -14*c - 57. Suppose 8*g - 12*g - 4 = 0, -3*v - 16 = 4*g. Determine t(v).
-1
Let c(h) = h**2 - 6*h - 6. Let o(q) = -15 - 4*q + 32 + 5*q**2 - 13. Let f be o(3). Suppose 31 = -r + f. Determine c(r).
-6
Let w(v) = -4*v**3 + 3*v**2 - 2*v + 3. Let p(f) = 5*f - 21. Let c be p(6). Suppose c*a + 30 = 6*a. Let n be (-26)/a + (-3)/5. Determine w(n).
-21
Let u(q) be the second derivative of q**4/12 - 11*q**3/6 - 13*q**2/2 - 4427*q + 1. Calculate u(10).
-23
Let h(m) be the first derivative of m**5/120 + m**3/3 + 35*m**2/2 + 39. Let l(f) be the third derivative of h(f). Determine l(12).
12
Let z(u) = -u**3 + u - 4. Let g be z(0). Let x(s) be the second derivative of -s**3/6 - 4*s**2 - 754*s + 3. Determine x(g).
-4
Let a(y) = -y**2 - 6*y - 5. Let j be -4*(-3 + 60/16). Let z be 3/(-18)*j*0. Suppose s - 7 = o, s + z = -o - 3. What is a(o)?
0
Let f be (8 - (1 - -2))*-1. Let g(n) be the second derivative of -n**4/12 - 5*n**3/6 - n**2/2 - n + 875. What is g(f)?
-1
Let w be (-63)/(-28)*(2/(-3)*-1 + -2). Let g(i) = 2*i**3 + 10*i**2 + 17*i. Give g(w).
-15
Let s(h) = -h**2 + 7*h - 5. Let y(x) = -x**2 + 17 + 3*x + 4*x - 7 + 12. Let c be y(9). Let r = c - 0. What is s(r)?
7
Let g = -65 + 71. Let r(a) = a. Let h(b) = -2*b**2 - b + 5. Let l(q) = g*r(q) + h(q). Suppose 5*t - 2*z = 17, -11 = -2*t - 3*z + 11. Calculate l(t).
-20
Let o(n) = 9*n - 4. Let x be 10/6*7*(-21)/(-49). Suppose -4*y - 3*i = -x, -20*y + 2*i = -15*y - 35. Determine o(y).
41
Let x(n) be the first derivative of -2*n**2 - 22*n - 3215. Give x(-10).
18
Let x(o) = -o + 2. Let t(d) be the third derivative of d**4/24 - 5*d**3/3 - 20*d**2. Let v be t(6). Determine x(v).
6
Let t(a) = -9*a**2 - 286*a + 284. Let j be t(1). Let u(m) be the second derivative of m**5/20 + m**4 + 5*m**3/3 + 5*m**2/2 - m. Give u(j).
16
Let h be ((1 - -2) + -4)*2. Let m be ((-2 - -2) + h)/(-2). Let v(b) = -3*b + 3*b - 3*b + 2*b. What is v(m)?
-1
Let j(s) = -6*s**3 - s**2 + s. Let k = 4278 + -4277. Calculate j(k).
-6
Let t(s) = -1733*s - 5185. Let k be t(-3). Let g(p) be the first derivative of p**2/2 - 21*p - 1. What is g(k)?
-7
Let d(o) = 78*o**2 + 2*o + 9. Let h(v) = 46*v**2 + v + 7. Let g(w) = 2*d(w) - 3*h(w). Give g(-2).
67
Let s(p) = p**2 + 19*p + 1. Let d(z) = -z**2 - 20*z + 1. Let w(i) = 3*d(i) + 2*s(i). What is w(-22)?
5
Let u(d) = -d**3 + 16*d**2 - 30*d + 27. Let j be (-2)/(30/(-20) - 2/(168/(-114))). What is u(j)?
-1
Let l = 23 + -26. Let h(n) be the third derivative of -n**6/720 + n**5/40 - n**4/4 + 6*n**2. Let q(f) be the second derivative of h(f). What is q(l)?
6
Let f = -8072 - -8065. Let z(l) = -l**2 - 7*l + 31. Determine z(f).
31
Let f(n) = -58*n - 294. Suppose 59*o - 27*o = -32*o - 320. What is f(o)?
-4
Let i(x) = 2*x**2 - 6*x - 1. Let r(u) = u**2 + 7*u + 9. Let q be r(-4). Let f(p) = -6*p**2 + 17*p + 2. Let d(b) = q*f(b) - 8*i(b). Give d(3).
11
Let b(n) = 5*n**2 - n. Let h be (2 - (-2771)/(-7)) + (-12)/(-14). Let c = 395 + h. What is b(c)?
18
Let t(s) = -s**3 + 67*s**2 - 851*s + 85. Let g be t(50). Let c(v) = -v**3 + 35*v**2. Calculate c(g).
0
Let m(r) = 6*r - 1. Let z = -368 - -372. What is m(z)?
23
Let s(c) = 135*c + 3782. Let q be s(-28). Let h(m) be the third derivative of 0*m + 0 + 1/12*m**5 + 1/3*m**4 - 5*m**q + 1/3*m**3 - 1/120*m**6. Give h(6).
14
Let q(u) = -u**3 + 4*u**2 + 5*u - 3. Let c(o) = 4 + 25 - 2 + 2*o - o**2 - 1. Let r be c(6). Let h be (-2 - (0 + -1))*(r + -7). Give q(h).
-3
Let f(p) = 3*p - 39. Let r be (114/(-10) + 12)/((-9)/(-195)). Calculate f(r).
0
Let l(m) = -4*m + 362 + 358 - 1080 + 359. Give l(9).
-37
Let n(x) = 4*x + 69. Suppose 1380 = -4165*u + 4096*u. What is n(u)?
-11
Let y(c) = c**3 - 5*c**2 - 4*c - 10. Let n(l) = l**3 - l**2 - 23*l - 6. Suppose -3*s - 16 = w - 1, 2*w = -3*s - 18. Let q be n(s). Calculate y(q).
2
Let t(q) = -q**3 + 8*q**2 - 10*q + 10. Suppose 2*o - 6 = 4*o. Let m be 5 + -2 - ((-14)/2 - o). Determine t(m).
-11
Let q(l) = -9*l - 20. Let s(k) = 5*k + 8. Let o(b) = 4*q(b) + 9*s(b). Calculate o(-6).
-62
Let d(n) = 11*n - 40. Let z be (-3)/(-6)*(2 - 10)*(-957)/(-348). Calculate d(z).
-161
Let o(d) = -d**3 + 50*d**2 + d - 57. Let r be o(50). Let m(s) = 6*s - 6*s**2 - 4*s + 3 - 1 - s**3. Determine m(r).
37
Let i(r) = r**2 + 6*r. Let y = -360 - -261. Let j = 94 + y. Give i(j).
-5
Let x(q) be the second derivative of -13*q**4/6 + q**3/3 + q**2/2 + 1076*q. Determine x(1).
-23
Let j(u) = -2*u**2 - 7*u - 8. Let p be 7/3*3480/(-2030). Give j(p).
-12
Let d(g) = -26*g**3 - 9*g**2 + 18*g - 12. Let c(b) = -23*b**3 - 9*b**2 + 16*b - 13. Let o(y) = -9*c(y) + 8*d(y). What is o(9)?
21
Let o(r) = 26*r**2 - 32*r + 29. Let a(y) = 8*y**2 - 10*y + 10. Let w(m) = 7*a(m) - 2*o(m). Determine w(2).
16
Let k(f) = 11*f**2 - 3*f + 3. Let r be (-1)/1 - (-4 - (-32)/16). What is k(r)?
11
Let v(c) = -8*c + 22. Let m(p) = -21*p + 63. Let w(q) = 4*m(q) - 11*v(q). Let t be ((-2)/(-3))/(2/6). Let k be -2*(-21)/(-12)*t. Give w(k).
-18
Let o be (-3)/((-12)/18*-12*6/(-48)). Let h(n) be the first derivative of -8 + 9*n - o*n**2 - 1/3*n**3. Determine h(-7).
2
Let p be (6 - 10) + 1 + 2/2. Let h(v) be the second derivative of -13*v**3/6 + v**2/2 - 22*v. What is h(p)?
27
Let v(s) = 27*s + 1. Let h(t) = -102*t + 89. Let n(o) = h(o) + 4*v(o). Calculate n(-17).
-9
Let c = 39 - 21. Suppose -c*o + 30 = -13*o. Let l(d) = d**2 - 7*d + 4. Determine l(o).
-2
Let n(k) = -20*k**2 - 54